{"id":20227,"date":"2019-10-28T17:20:22","date_gmt":"2019-10-28T16:20:22","guid":{"rendered":"https:\/\/olu-limburg.de\/?page_id=20227"},"modified":"2019-12-15T16:54:59","modified_gmt":"2019-12-15T15:54:59","slug":"frankreichs-suedwesten-spaetsommer-2019","status":"publish","type":"page","link":"https:\/\/olu-limburg.de\/?page_id=20227","title":{"rendered":"Frankreichs S\u00fcdwesten Sp\u00e4tsommer 2019"},"content":{"rendered":"<p>Text: Hans-Werner\u00a0\u00a0\u00a0\u00a0\u00a0\u00a0\u00a0\u00a0\u00a0\u00a0\u00a0\u00a0\u00a0\u00a0\u00a0\u00a0\u00a0\u00a0\u00a0\u00a0\u00a0\u00a0\u00a0\u00a0\u00a0\u00a0\u00a0\u00a0\u00a0\u00a0\u00a0\u00a0\u00a0\u00a0\u00a0\u00a0\u00a0\u00a0\u00a0\u00a0\u00a0\u00a0\u00a0\u00a0\u00a0\u00a0\u00a0\u00a0\u00a0\u00a0\u00a0\u00a0\u00a0\u00a0\u00a0\u00a0\u00a0\u00a0\u00a0\u00a0\u00a0\u00a0\u00a0\u00a0\u00a0\u00a0\u00a0\u00a0\u00a0\u00a0\u00a0\u00a0\u00a0\u00a0\u00a0\u00a0\u00a0\u00a0\u00a0\u00a0\u00a0\u00a0\u00a0\u00a0\u00a0\u00a0\u00a0\u00a0\u00a0\u00a0\u00a0\u00a0\u00a0\u00a0\u00a0\u00a0\u00a0\u00a0\u00a0\u00a0\u00a0\u00a0\u00a0\u00a0\u00a0\u00a0\u00a0\u00a0\u00a0\u00a0\u00a0\u00a0\u00a0\u00a0\u00a0\u00a0\u00a0\u00a0\u00a0\u00a0\u00a0\u00a0\u00a0\u00a0\u00a0\u00a0\u00a0\u00a0 Fotos: Hans-Werner und Lena<\/p>\n<p>&nbsp;<\/p>\n<p>Ja, es ging mit dem Wohnmobil wieder nach Frankreich. Wir k\u00f6nnen von diesem wunderbaren Land einfach nicht genug bekommen. Und immer wieder finden wir uns unbekannte Gegenden oder Orte. So auch diesmal bei unserer Fahrt vom 01.09.2019 bis zum 13.10.2019, die uns an die Loire f\u00fchrte, weiter auf die Inseln Noirmoutier und Oleron und um die Girondem\u00fcndung herum an die Atlantikk\u00fcste. Dieser folgten wir nach S\u00fcden bis kurz hinter die spanische Grenze. \u00dcber das franz\u00f6sische Baskenland, das Perigord und Limousin sind wir in nord\u00f6stlicher Richtung ins Elsass gefahren. In den sechs Wochen haben wir insgesamt 4.068 km auf mautfreien Stra\u00dfen zur\u00fcckgelegt. \u00dcbernachtet haben wir fast ausschlie\u00dflich auf Wohnmobil-Stellpl\u00e4tzen, einem Campingplatz und auf Angeboten von France Passion.<\/p>\n<p>&nbsp;<\/p>\n<p><a href=\"https:\/\/olu-limburg.de\/?page_id=20233\">Teil 1 &#8211; 01.09. bis 08.09. von Limburg nach Noirmoutier-en-\u00cele<\/a><\/p>\n<p><a href=\"https:\/\/olu-limburg.de\/?page_id=20553\">Teil 2 &#8211; 09.09. bis 15.09. von Noirmoutier-en-\u00cele nach Port des Barques<\/a><\/p>\n<p><a href=\"https:\/\/olu-limburg.de\/?page_id=20771\">Teil 3 &#8211; 16.09. bis 22.09. von Port des Barques nach Saint-Est\u00e8phe<\/a><\/p>\n<p><a href=\"https:\/\/olu-limburg.de\/?page_id=21135\">Teil 4 &#8211; 23.09. bis 29.09. von Saint-Est\u00e8phe nach Capbreton<\/a><\/p>\n<p><a href=\"https:\/\/olu-limburg.de\/?page_id=21324\">Teil 5 &#8211; 30.09. bis 06.10. von Capbreton nach Rocamadour<\/a><\/p>\n<p><a href=\"https:\/\/olu-limburg.de\/?page_id=21657\">Teil 6 &#8211; 07.10. bis 13.10.2019 Rocamadour nach Limburg<\/a><\/p>\n<p>&nbsp;<\/p>\n","protected":false},"excerpt":{"rendered":"<p>Text: Hans-Werner\u00a0\u00a0\u00a0\u00a0\u00a0\u00a0\u00a0\u00a0\u00a0\u00a0\u00a0\u00a0\u00a0\u00a0\u00a0\u00a0\u00a0\u00a0\u00a0\u00a0\u00a0\u00a0\u00a0\u00a0\u00a0\u00a0\u00a0\u00a0\u00a0\u00a0\u00a0\u00a0\u00a0\u00a0\u00a0\u00a0\u00a0\u00a0\u00a0\u00a0\u00a0\u00a0\u00a0\u00a0\u00a0\u00a0\u00a0\u00a0\u00a0\u00a0\u00a0\u00a0\u00a0\u00a0\u00a0\u00a0\u00a0\u00a0\u00a0\u00a0\u00a0\u00a0\u00a0\u00a0\u00a0\u00a0\u00a0\u00a0\u00a0\u00a0\u00a0\u00a0\u00a0\u00a0\u00a0\u00a0\u00a0\u00a0\u00a0\u00a0\u00a0\u00a0\u00a0\u00a0\u00a0\u00a0\u00a0\u00a0\u00a0\u00a0\u00a0\u00a0\u00a0\u00a0\u00a0\u00a0\u00a0\u00a0\u00a0\u00a0\u00a0\u00a0\u00a0\u00a0\u00a0\u00a0\u00a0\u00a0\u00a0\u00a0\u00a0\u00a0\u00a0\u00a0\u00a0\u00a0\u00a0\u00a0\u00a0\u00a0\u00a0\u00a0\u00a0\u00a0\u00a0\u00a0\u00a0\u00a0 Fotos: Hans-Werner und Lena &nbsp; Ja, es ging mit dem Wohnmobil wieder nach Frankreich. Wir k\u00f6nnen von diesem wunderbaren Land einfach nicht genug bekommen. Und immer wieder finden wir uns unbekannte Gegenden oder Orte. So auch diesmal bei unserer Fahrt vom 01.09.2019 bis zum 13.10.2019, die uns an die Loire f\u00fchrte, weiter auf [&hellip;]<\/p>\n","protected":false},"author":1,"featured_media":0,"parent":0,"menu_order":0,"comment_status":"closed","ping_status":"closed","template":"page-templates\/full-width.php","meta":{"footnotes":""},"class_list":["post-20227","page","type-page","status-publish","hentry"],"_links":{"self":[{"href":"https:\/\/olu-limburg.de\/index.php?rest_route=\/wp\/v2\/pages\/20227","targetHints":{"allow":["GET"]}}],"collection":[{"href":"https:\/\/olu-limburg.de\/index.php?rest_route=\/wp\/v2\/pages"}],"about":[{"href":"https:\/\/olu-limburg.de\/index.php?rest_route=\/wp\/v2\/types\/page"}],"author":[{"embeddable":true,"href":"https:\/\/olu-limburg.de\/index.php?rest_route=\/wp\/v2\/users\/1"}],"replies":[{"embeddable":true,"href":"https:\/\/olu-limburg.de\/index.php?rest_route=%2Fwp%2Fv2%2Fcomments&post=20227"}],"version-history":[{"count":20,"href":"https:\/\/olu-limburg.de\/index.php?rest_route=\/wp\/v2\/pages\/20227\/revisions"}],"predecessor-version":[{"id":21950,"href":"https:\/\/olu-limburg.de\/index.php?rest_route=\/wp\/v2\/pages\/20227\/revisions\/21950"}],"wp:attachment":[{"href":"https:\/\/olu-limburg.de\/index.php?rest_route=%2Fwp%2Fv2%2Fmedia&parent=20227"}],"curies":[{"name":"wp","href":"https:\/\/api.w.org\/{rel}","templated":true}]}}

Frankreichs Südwesten Spätsommer 2019

<p>Text: Hans-Werner                                                                                                                                 Fotos: Hans-Werner und Lena</p>
<p>&nbsp;</p>
<p>Ja, es ging mit dem Wohnmobil wieder nach Frankreich. Wir können von diesem wunderbaren Land einfach nicht genug bekommen. Und immer wieder finden wir uns unbekannte Gegenden oder Orte. So auch diesmal bei unserer Fahrt vom 01.09.2019 bis zum 13.10.2019, die uns an die Loire führte, weiter auf die Inseln Noirmoutier und Oleron und um die Girondemündung herum an die Atlantikküste. Dieser folgten wir nach Süden bis kurz hinter die spanische Grenze. Über das französische Baskenland, das Perigord und Limousin sind wir in nordöstlicher Richtung ins Elsass gefahren. In den sechs Wochen haben wir insgesamt 4.068 km auf mautfreien Straßen zurückgelegt. Übernachtet haben wir fast ausschließlich auf Wohnmobil-Stellplätzen, einem Campingplatz und auf Angeboten von France Passion.</p>
<p>&nbsp;</p>
<p><a href="https://olu-limburg.de/?page_id=20233">Teil 1 &#8211; 01.09. bis 08.09. von Limburg nach Noirmoutier-en-Île</a></p>
<p><a href="https://olu-limburg.de/?page_id=20553">Teil 2 &#8211; 09.09. bis 15.09. von Noirmoutier-en-Île nach Port des Barques</a></p>
<p><a href="https://olu-limburg.de/?page_id=20771">Teil 3 &#8211; 16.09. bis 22.09. von Port des Barques nach Saint-Estèphe</a></p>
<p><a href="https://olu-limburg.de/?page_id=21135">Teil 4 &#8211; 23.09. bis 29.09. von Saint-Estèphe nach Capbreton</a></p>
<p><a href="https://olu-limburg.de/?page_id=21324">Teil 5 &#8211; 30.09. bis 06.10. von Capbreton nach Rocamadour</a></p>
<p><a href="https://olu-limburg.de/?page_id=21657">Teil 6 &#8211; 07.10. bis 13.10.2019 Rocamadour nach Limburg</a></p>
<p>&nbsp;</p>

<p>Text: Hans-Werner                                                                                                                                 Fotos: Hans-Werner und Lena &nbsp; Ja, es ging mit dem Wohnmobil wieder nach Frankreich. Wir können von diesem wunderbaren Land einfach nicht genug bekommen. Und immer wieder finden wir uns unbekannte Gegenden oder Orte. So auch diesmal bei unserer Fahrt vom 01.09.2019 bis zum 13.10.2019, die uns an die Loire führte, weiter auf [&hellip;]</p>
