{"id":12154,"date":"2017-06-26T17:54:57","date_gmt":"2017-06-26T15:54:57","guid":{"rendered":"https:\/\/olu-limburg.de\/?page_id=12154"},"modified":"2017-06-28T14:07:38","modified_gmt":"2017-06-28T12:07:38","slug":"weihnachtsmarkt-strasbourg-2007-in-arbeit","status":"publish","type":"page","link":"https:\/\/olu-limburg.de\/?page_id=12154","title":{"rendered":"Weihnachtsmarkt Strasbourg 2007"},"content":{"rendered":"<p>&nbsp;<\/p>\n<p>&nbsp;<\/p>\n<p>Text und Fotos: Hans-Werner<\/p>\n<p>&nbsp;<\/p>\n<p><a href=\"https:\/\/olu-limburg.de\/wp-content\/uploads\/2017\/06\/P1070028_ergebnis.jpg\"><img loading=\"lazy\" decoding=\"async\" class=\"size-full wp-image-12166 aligncenter\" src=\"https:\/\/olu-limburg.de\/wp-content\/uploads\/2017\/06\/P1070028_ergebnis.jpg\" alt=\"\" width=\"800\" height=\"600\" srcset=\"https:\/\/olu-limburg.de\/wp-content\/uploads\/2017\/06\/P1070028_ergebnis.jpg 800w, https:\/\/olu-limburg.de\/wp-content\/uploads\/2017\/06\/P1070028_ergebnis-300x225.jpg 300w, https:\/\/olu-limburg.de\/wp-content\/uploads\/2017\/06\/P1070028_ergebnis-768x576.jpg 768w, https:\/\/olu-limburg.de\/wp-content\/uploads\/2017\/06\/P1070028_ergebnis-624x468.jpg 624w\" sizes=\"auto, (max-width: 800px) 100vw, 800px\" \/><\/a><\/p>\n<p>&nbsp;<\/p>\n<p><strong>Freitag, 30.11.2007<\/strong><\/p>\n<p>Wir fahren \u00fcber die A3 und A5 und erreichen Kehl nach 260 km. Der Wohnmobilstellplatz am Wasserturm (EUR 6,00\/Tag; V\/E: ja) ist schnell gefunden. Da wir mit dem Zug nach Strasbourg rein fahren wollen, machen wir uns auf den Weg zum Bahnhof. Wir gehen durch die Stadt. Eine andere Alternative ist der Weg am Rhein entlang. F\u00fcr EUR 7,00\/Person erstehen wir eine R\u00fcckfahrkarte (Abfahrt kurz nach 14.00 Uhr) und sind nach 10 Minuten im Strasbourger Hauptbahnhof. Vor der T\u00fcr erwartet uns bereits der erste kleine Weihnachtsmarkt.<\/p>\n<p><a href=\"https:\/\/olu-limburg.de\/wp-content\/uploads\/2017\/06\/STA43473_ergebnis.jpg\"><img loading=\"lazy\" decoding=\"async\" class=\"size-full wp-image-12189 aligncenter\" src=\"https:\/\/olu-limburg.de\/wp-content\/uploads\/2017\/06\/STA43473_ergebnis.jpg\" alt=\"\" width=\"800\" height=\"600\" srcset=\"https:\/\/olu-limburg.de\/wp-content\/uploads\/2017\/06\/STA43473_ergebnis.jpg 800w, https:\/\/olu-limburg.de\/wp-content\/uploads\/2017\/06\/STA43473_ergebnis-300x225.jpg 300w, https:\/\/olu-limburg.de\/wp-content\/uploads\/2017\/06\/STA43473_ergebnis-768x576.jpg 768w, https:\/\/olu-limburg.de\/wp-content\/uploads\/2017\/06\/STA43473_ergebnis-624x468.jpg 624w\" sizes=\"auto, (max-width: 800px) 100vw, 800px\" \/><\/a><\/p>\n<p>Nach kurzer Orientierung (Im Bahnhofsgeb\u00e4ude gibt es eine Tourist Information und man erh\u00e4lt dort kostenlose Stadtpl\u00e4ne) nehmen wir den k\u00fcrzesten Weg in die Innenstadtbezirke, die wir nach ca. 500 m erreichen. Wir folgen unserem Weihnachtsmarktplan zum &#8222;Place Kl\u00e9ber&#8220; (gro\u00dfer Weihnachtsbaum und das Dorf des Teilens). Es ist der Freitag vor dem ersten Adventwochenende und es gibt kein Geschiebe oder Gedr\u00e4nge, eine sch\u00f6ne ruhige Weihnachtsstimmung macht sich breit.<\/p>\n<p><a href=\"https:\/\/olu-limburg.de\/wp-content\/uploads\/2017\/06\/P1070006_ergebnis-e1498499784385.jpg\"><img loading=\"lazy\" decoding=\"async\" class=\"size-full wp-image-12159 aligncenter\" src=\"https:\/\/olu-limburg.de\/wp-content\/uploads\/2017\/06\/P1070006_ergebnis-e1498499784385.jpg\" alt=\"\" width=\"450\" height=\"600\" \/><\/a><\/p>\n<p>So langsam ziehen wir weiter zum &#8222;Place Broglie&#8220;. Hier befindet sich der Christkindelsm\u00e4rik. Es ist ein gro\u00dfer Platz mit St\u00e4nden mit Kunsthandwerk, Verpflegung aller Art, Weihnachtsartikeln, Deko-Schnickschnack und Weihnachtsbaumverkauf.<\/p>\n<p><a href=\"https:\/\/olu-limburg.de\/wp-content\/uploads\/2017\/06\/P1070013_ergebnis.jpg\"><img loading=\"lazy\" decoding=\"async\" class=\"size-full wp-image-12160 aligncenter\" src=\"https:\/\/olu-limburg.de\/wp-content\/uploads\/2017\/06\/P1070013_ergebnis.jpg\" alt=\"\" width=\"800\" height=\"600\" srcset=\"https:\/\/olu-limburg.de\/wp-content\/uploads\/2017\/06\/P1070013_ergebnis.jpg 800w, https:\/\/olu-limburg.de\/wp-content\/uploads\/2017\/06\/P1070013_ergebnis-300x225.jpg 300w, https:\/\/olu-limburg.de\/wp-content\/uploads\/2017\/06\/P1070013_ergebnis-768x576.jpg 768w, https:\/\/olu-limburg.de\/wp-content\/uploads\/2017\/06\/P1070013_ergebnis-624x468.jpg 624w\" sizes=\"auto, (max-width: 800px) 100vw, 800px\" \/><\/a><\/p>\n<p><a href=\"https:\/\/olu-limburg.de\/wp-content\/uploads\/2017\/06\/P1070014_ergebnis.jpg\"><img loading=\"lazy\" decoding=\"async\" class=\"size-full wp-image-12161 aligncenter\" src=\"https:\/\/olu-limburg.de\/wp-content\/uploads\/2017\/06\/P1070014_ergebnis.jpg\" alt=\"\" width=\"800\" height=\"600\" srcset=\"https:\/\/olu-limburg.de\/wp-content\/uploads\/2017\/06\/P1070014_ergebnis.jpg 800w, https:\/\/olu-limburg.de\/wp-content\/uploads\/2017\/06\/P1070014_ergebnis-300x225.jpg 300w, https:\/\/olu-limburg.de\/wp-content\/uploads\/2017\/06\/P1070014_ergebnis-768x576.jpg 768w, https:\/\/olu-limburg.de\/wp-content\/uploads\/2017\/06\/P1070014_ergebnis-624x468.jpg 624w\" sizes=\"auto, (max-width: 800px) 100vw, 800px\" \/><\/a><\/p>\n<p><a href=\"https:\/\/olu-limburg.de\/wp-content\/uploads\/2017\/06\/P1070019_ergebnis.jpg\"><img loading=\"lazy\" decoding=\"async\" class=\"size-full wp-image-12162 aligncenter\" src=\"https:\/\/olu-limburg.de\/wp-content\/uploads\/2017\/06\/P1070019_ergebnis.jpg\" alt=\"\" width=\"800\" height=\"600\" srcset=\"https:\/\/olu-limburg.de\/wp-content\/uploads\/2017\/06\/P1070019_ergebnis.jpg 800w, https:\/\/olu-limburg.de\/wp-content\/uploads\/2017\/06\/P1070019_ergebnis-300x225.jpg 300w, https:\/\/olu-limburg.de\/wp-content\/uploads\/2017\/06\/P1070019_ergebnis-768x576.jpg 768w, https:\/\/olu-limburg.de\/wp-content\/uploads\/2017\/06\/P1070019_ergebnis-624x468.jpg 624w\" sizes=\"auto, (max-width: 800px) 100vw, 800px\" \/><\/a><\/p>\n<p>Weiter geht es in den engeren Bezirk der Cath\u00e9drale zum &#8222;Place du March\u00e9 Neuf&#8220; zu den Weihnachtsm\u00e4rkten des Carr\u00e9 d&#8217;Or. Hier ist die Altstadt in einzelne Gebiete (Carr\u00e9s) aufgeteilt. Jedes Carr\u00e9 beheimatet eine spezielle Gesch\u00e4ftssparte, die die weihnachtliche Beleuchtung und Ausstaffierung der H\u00e4user in jedem Gebiet unterschiedlich gestaltet.<\/p>\n<p><a href=\"https:\/\/olu-limburg.de\/wp-content\/uploads\/2017\/06\/P1070024_ergebnis-e1498499928665.jpg\"><img loading=\"lazy\" decoding=\"async\" class=\"size-full wp-image-12164 alignleft\" src=\"https:\/\/olu-limburg.de\/wp-content\/uploads\/2017\/06\/P1070024_ergebnis-e1498499928665.jpg\" alt=\"\" width=\"450\" height=\"600\" \/><\/a><\/p>\n<p><a href=\"https:\/\/olu-limburg.de\/wp-content\/uploads\/2017\/06\/P1070026_ergebnis-e1498499950722.jpg\"><img loading=\"lazy\" decoding=\"async\" class=\"size-full wp-image-12165 alignright\" src=\"https:\/\/olu-limburg.de\/wp-content\/uploads\/2017\/06\/P1070026_ergebnis-e1498499950722.jpg\" alt=\"\" width=\"450\" height=\"600\" \/><\/a><\/p>\n<p><a href=\"https:\/\/olu-limburg.de\/wp-content\/uploads\/2017\/06\/P1070032_ergebnis-e1498499969151.jpg\"><img loading=\"lazy\" decoding=\"async\" class=\"size-full wp-image-12167 aligncenter\" src=\"https:\/\/olu-limburg.de\/wp-content\/uploads\/2017\/06\/P1070032_ergebnis-e1498499969151.jpg\" alt=\"\" width=\"450\" height=\"600\" \/><\/a><\/p>\n<p>Der &#8222;Place de la Cath\u00e9drale&#8220; empf\u00e4ngt uns mit einem Lichtermeer rund um die Cath\u00e9drale. Aber auch dort herrscht Ruhe. Wir haben noch nirgends solch nervige und laute Musikuntermalung hinnehmen m\u00fcssen, wie man sie bei uns kennt. Wenn Musik l\u00e4uft, geschieht dies im Hintergrund.<\/p>\n<p><a href=\"https:\/\/olu-limburg.de\/wp-content\/uploads\/2017\/06\/P1070033_ergebnis-e1498500020876.jpg\"><img loading=\"lazy\" decoding=\"async\" class=\"size-full wp-image-12168 alignleft\" src=\"https:\/\/olu-limburg.de\/wp-content\/uploads\/2017\/06\/P1070033_ergebnis-e1498500020876.jpg\" alt=\"\" width=\"450\" height=\"600\" \/><\/a><\/p>\n<p><a href=\"https:\/\/olu-limburg.de\/wp-content\/uploads\/2017\/06\/P1070065_ergebnis-e1498500046971.jpg\"><img loading=\"lazy\" decoding=\"async\" class=\"size-full wp-image-12171 alignright\" src=\"https:\/\/olu-limburg.de\/wp-content\/uploads\/2017\/06\/P1070065_ergebnis-e1498500046971.jpg\" alt=\"\" width=\"450\" height=\"600\" \/><\/a><\/p>\n<p><a href=\"https:\/\/olu-limburg.de\/wp-content\/uploads\/2017\/06\/P1070055_ergebnis.jpg\"><img loading=\"lazy\" decoding=\"async\" class=\"size-full wp-image-12169 aligncenter\" src=\"https:\/\/olu-limburg.de\/wp-content\/uploads\/2017\/06\/P1070055_ergebnis.jpg\" alt=\"\" width=\"800\" height=\"600\" srcset=\"https:\/\/olu-limburg.de\/wp-content\/uploads\/2017\/06\/P1070055_ergebnis.jpg 800w, https:\/\/olu-limburg.de\/wp-content\/uploads\/2017\/06\/P1070055_ergebnis-300x225.jpg 300w, https:\/\/olu-limburg.de\/wp-content\/uploads\/2017\/06\/P1070055_ergebnis-768x576.jpg 768w, https:\/\/olu-limburg.de\/wp-content\/uploads\/2017\/06\/P1070055_ergebnis-624x468.jpg 624w\" sizes=\"auto, (max-width: 800px) 100vw, 800px\" \/><\/a><\/p>\n<p>Rechts um die Cath\u00e9drale herum am &#8222;Place du Chateau&#8220; befindet sich noch ein kleiner Weihnachtsmarkt mit einer Eislaufbahn und einem Eisgarten (Bereich f\u00fcr kleine Kinder, die beim Eislaufen einen kleinen Schlitten (\u00e4hnlich einem Rollator) vor sich herschieben k\u00f6nnen).<\/p>\n<p><a href=\"https:\/\/olu-limburg.de\/wp-content\/uploads\/2017\/06\/P1070062_ergebnis.jpg\"><img loading=\"lazy\" decoding=\"async\" class=\"size-full wp-image-12170 aligncenter\" src=\"https:\/\/olu-limburg.de\/wp-content\/uploads\/2017\/06\/P1070062_ergebnis.jpg\" alt=\"\" width=\"800\" height=\"600\" srcset=\"https:\/\/olu-limburg.de\/wp-content\/uploads\/2017\/06\/P1070062_ergebnis.jpg 800w, https:\/\/olu-limburg.de\/wp-content\/uploads\/2017\/06\/P1070062_ergebnis-300x225.jpg 300w, https:\/\/olu-limburg.de\/wp-content\/uploads\/2017\/06\/P1070062_ergebnis-768x576.jpg 768w, https:\/\/olu-limburg.de\/wp-content\/uploads\/2017\/06\/P1070062_ergebnis-624x468.jpg 624w\" sizes=\"auto, (max-width: 800px) 100vw, 800px\" \/><\/a><\/p>\n<p>Da wir unser Abendessen irgendwo in dem Bereich &#8222;Petite France&#8220; genie\u00dfen m\u00f6chten, schlagen wir in einem Bogen diese Richtung ein und kommen zum &#8222;Place Gutenberg&#8220;. Hier befindet sich das Dorf der Kunsthandwerker und H\u00e4ndler aus Quebec (Kanada).<\/p>\n<p><a href=\"https:\/\/olu-limburg.de\/wp-content\/uploads\/2017\/06\/P1070070_ergebnis.jpg\"><img loading=\"lazy\" decoding=\"async\" class=\"size-full wp-image-12172 aligncenter\" src=\"https:\/\/olu-limburg.de\/wp-content\/uploads\/2017\/06\/P1070070_ergebnis.jpg\" alt=\"\" width=\"800\" height=\"600\" srcset=\"https:\/\/olu-limburg.de\/wp-content\/uploads\/2017\/06\/P1070070_ergebnis.jpg 800w, https:\/\/olu-limburg.de\/wp-content\/uploads\/2017\/06\/P1070070_ergebnis-300x225.jpg 300w, https:\/\/olu-limburg.de\/wp-content\/uploads\/2017\/06\/P1070070_ergebnis-768x576.jpg 768w, https:\/\/olu-limburg.de\/wp-content\/uploads\/2017\/06\/P1070070_ergebnis-624x468.jpg 624w\" sizes=\"auto, (max-width: 800px) 100vw, 800px\" \/><\/a><\/p>\n<p>Jetzt ist es nur noch ein kleines St\u00fcck bis zum &#8222;Place des Meuniers&#8220; und dem Markt der Gaumenfreuden mit elsassischen Spezialit\u00e4ten. Direkt daran schlie\u00dft sich der &#8222;Place Benjamin Zix&#8220; mit einem kleinen Markt und dem Kontor der Heiligen Drei K\u00f6nige an.<\/p>\n<p><a href=\"https:\/\/olu-limburg.de\/wp-content\/uploads\/2017\/06\/P1070072_ergebnis.jpg\"><img loading=\"lazy\" decoding=\"async\" class=\"size-full wp-image-12173 aligncenter\" src=\"https:\/\/olu-limburg.de\/wp-content\/uploads\/2017\/06\/P1070072_ergebnis.jpg\" alt=\"\" width=\"800\" height=\"600\" srcset=\"https:\/\/olu-limburg.de\/wp-content\/uploads\/2017\/06\/P1070072_ergebnis.jpg 800w, https:\/\/olu-limburg.de\/wp-content\/uploads\/2017\/06\/P1070072_ergebnis-300x225.jpg 300w, https:\/\/olu-limburg.de\/wp-content\/uploads\/2017\/06\/P1070072_ergebnis-768x576.jpg 768w, https:\/\/olu-limburg.de\/wp-content\/uploads\/2017\/06\/P1070072_ergebnis-624x468.jpg 624w\" sizes=\"auto, (max-width: 800px) 100vw, 800px\" \/><\/a><\/p>\n<p><a href=\"https:\/\/olu-limburg.de\/wp-content\/uploads\/2017\/06\/P1070083_ergebnis.jpg\"><img loading=\"lazy\" decoding=\"async\" class=\"size-full wp-image-12174 aligncenter\" src=\"https:\/\/olu-limburg.de\/wp-content\/uploads\/2017\/06\/P1070083_ergebnis.jpg\" alt=\"\" width=\"800\" height=\"600\" srcset=\"https:\/\/olu-limburg.de\/wp-content\/uploads\/2017\/06\/P1070083_ergebnis.jpg 800w, https:\/\/olu-limburg.de\/wp-content\/uploads\/2017\/06\/P1070083_ergebnis-300x225.jpg 300w, https:\/\/olu-limburg.de\/wp-content\/uploads\/2017\/06\/P1070083_ergebnis-768x576.jpg 768w, https:\/\/olu-limburg.de\/wp-content\/uploads\/2017\/06\/P1070083_ergebnis-624x468.jpg 624w\" sizes=\"auto, (max-width: 800px) 100vw, 800px\" \/><\/a><\/p>\n<p>Es ist jetzt 18.30 Uhr. Wir sind \u00fcber vier Stunden herumgelaufen und haben manchmal wie kleine Kinder gestaunt, mit welchen Mitteln eine tolle Stimmung verbreitet werden kann. Es war nie langweilig.<\/p>\n<p><a href=\"https:\/\/olu-limburg.de\/wp-content\/uploads\/2017\/06\/P1070096_ergebnis-e1498500209988.jpg\"><img loading=\"lazy\" decoding=\"async\" class=\"size-full wp-image-12177 aligncenter\" src=\"https:\/\/olu-limburg.de\/wp-content\/uploads\/2017\/06\/P1070096_ergebnis-e1498500209988.jpg\" alt=\"\" width=\"450\" height=\"600\" \/><\/a><\/p>\n<p><a href=\"https:\/\/olu-limburg.de\/wp-content\/uploads\/2017\/06\/P1070092_ergebnis.jpg\"><img loading=\"lazy\" decoding=\"async\" class=\"size-full wp-image-12176 aligncenter\" src=\"https:\/\/olu-limburg.de\/wp-content\/uploads\/2017\/06\/P1070092_ergebnis.jpg\" alt=\"\" width=\"800\" height=\"600\" srcset=\"https:\/\/olu-limburg.de\/wp-content\/uploads\/2017\/06\/P1070092_ergebnis.jpg 800w, https:\/\/olu-limburg.de\/wp-content\/uploads\/2017\/06\/P1070092_ergebnis-300x225.jpg 300w, https:\/\/olu-limburg.de\/wp-content\/uploads\/2017\/06\/P1070092_ergebnis-768x576.jpg 768w, https:\/\/olu-limburg.de\/wp-content\/uploads\/2017\/06\/P1070092_ergebnis-624x468.jpg 624w\" sizes=\"auto, (max-width: 800px) 100vw, 800px\" \/><\/a><\/p>\n<p>Hier kostet eine Nacht EZ ohne Fr\u00fchst\u00fcck 510,00 EUR.<\/p>\n<p>Jetzt ist der Hunger da.Wir haben ein sch\u00f6nes Lokal gefunden. Es hei\u00dft &#8222;Baeckeoffe&#8220; und wir entscheiden uns beide, einen solchen zu essen.<\/p>\n<p><a href=\"https:\/\/olu-limburg.de\/wp-content\/uploads\/2017\/06\/P1070086_ergebnis.jpg\"><img loading=\"lazy\" decoding=\"async\" class=\"alignnone size-full wp-image-12175\" src=\"https:\/\/olu-limburg.de\/wp-content\/uploads\/2017\/06\/P1070086_ergebnis.jpg\" alt=\"\" width=\"800\" height=\"600\" srcset=\"https:\/\/olu-limburg.de\/wp-content\/uploads\/2017\/06\/P1070086_ergebnis.jpg 800w, https:\/\/olu-limburg.de\/wp-content\/uploads\/2017\/06\/P1070086_ergebnis-300x225.jpg 300w, https:\/\/olu-limburg.de\/wp-content\/uploads\/2017\/06\/P1070086_ergebnis-768x576.jpg 768w, https:\/\/olu-limburg.de\/wp-content\/uploads\/2017\/06\/P1070086_ergebnis-624x468.jpg 624w\" sizes=\"auto, (max-width: 800px) 100vw, 800px\" \/><\/a><\/p>\n<p>Wir gehen hinein, und finden das K\u00fcchenpersonal noch bei seiner Mahlzeit vor, sonst ist keiner da. Wir sind ganz einfach zu fr\u00fch, entschuldigen uns und wollen sp\u00e4ter noch mal wiederkommen. Man sagt uns aber das wir ruhig schon Platz nehmen und etwas trinken k\u00f6nnen. Um 19.00 Uhr kommen die N\u00e4chsten und um 19.45 ist das Lokal mit sicherlich 25 &#8211; 30 unterschiedlich gro\u00dfen Tischen proppenvoll. Trotzdem l\u00e4uft alles ruhig ab. Wir essen beide einen Baeckeoffe mit Fleisch bzw. Fisch (f\u00fcr jeden eine Riesenportion aus einem R\u00f6mertopf) und einen Nachtisch (wieder riesig). Ein sch\u00f6ner Riesling rundet das ganze Essen ab. Wir sind pappsatt und wollen noch den n\u00e4chstm\u00f6glichen Zug nach Kehl erreichen.<\/p>\n<p>Von dem Carr\u00e9 Petite France gehts \u00fcber die L&#8217;Ill und schon sind wir wieder am Hauptbahnhof. Kurze Fahrt nach Kehl und dann geht es wieder zum Womo. Heizung anwerfen, die qualmenden F\u00fc\u00dfe von den Schuhen befreien und eine Flasche Wein aufmachen passiert schnell. Sch\u00f6n war&#8217;s.<\/p>\n<p><a href=\"https:\/\/olu-limburg.de\/wp-content\/uploads\/2017\/06\/P1070098_ergebnis-e1498500327563.jpg\"><img loading=\"lazy\" decoding=\"async\" class=\"size-full wp-image-12178 alignleft\" src=\"https:\/\/olu-limburg.de\/wp-content\/uploads\/2017\/06\/P1070098_ergebnis-e1498500327563.jpg\" alt=\"\" width=\"450\" height=\"600\" \/><\/a><\/p>\n<p><a href=\"https:\/\/olu-limburg.de\/wp-content\/uploads\/2017\/06\/P1070101_ergebnis-e1498500387434.jpg\"><img loading=\"lazy\" decoding=\"async\" class=\"size-full wp-image-12180 alignright\" src=\"https:\/\/olu-limburg.de\/wp-content\/uploads\/2017\/06\/P1070101_ergebnis-e1498500387434.jpg\" alt=\"\" width=\"450\" height=\"600\" \/><\/a><\/p>\n<p><a href=\"https:\/\/olu-limburg.de\/wp-content\/uploads\/2017\/06\/P1070099_ergebnis.jpg\"><img loading=\"lazy\" decoding=\"async\" class=\"size-full wp-image-12179 aligncenter\" src=\"https:\/\/olu-limburg.de\/wp-content\/uploads\/2017\/06\/P1070099_ergebnis.jpg\" alt=\"\" width=\"800\" height=\"600\" srcset=\"https:\/\/olu-limburg.de\/wp-content\/uploads\/2017\/06\/P1070099_ergebnis.jpg 800w, https:\/\/olu-limburg.de\/wp-content\/uploads\/2017\/06\/P1070099_ergebnis-300x225.jpg 300w, https:\/\/olu-limburg.de\/wp-content\/uploads\/2017\/06\/P1070099_ergebnis-768x576.jpg 768w, https:\/\/olu-limburg.de\/wp-content\/uploads\/2017\/06\/P1070099_ergebnis-624x468.jpg 624w\" sizes=\"auto, (max-width: 800px) 100vw, 800px\" \/><\/a><\/p>\n<p><a href=\"https:\/\/olu-limburg.de\/wp-content\/uploads\/2017\/06\/P1070103_ergebnis.jpg\"><img loading=\"lazy\" decoding=\"async\" class=\"size-full wp-image-12181 aligncenter\" src=\"https:\/\/olu-limburg.de\/wp-content\/uploads\/2017\/06\/P1070103_ergebnis.jpg\" alt=\"\" width=\"800\" height=\"600\" srcset=\"https:\/\/olu-limburg.de\/wp-content\/uploads\/2017\/06\/P1070103_ergebnis.jpg 800w, https:\/\/olu-limburg.de\/wp-content\/uploads\/2017\/06\/P1070103_ergebnis-300x225.jpg 300w, https:\/\/olu-limburg.de\/wp-content\/uploads\/2017\/06\/P1070103_ergebnis-768x576.jpg 768w, https:\/\/olu-limburg.de\/wp-content\/uploads\/2017\/06\/P1070103_ergebnis-624x468.jpg 624w\" sizes=\"auto, (max-width: 800px) 100vw, 800px\" \/><\/a><\/p>\n<p>&nbsp;<\/p>\n<p><strong>Samstag, 01.12.2007<\/strong><\/p>\n<p>Wir wollen heute noch etwas einkaufen; erst beim Lidl in Kehl, dann beim Champion in Lauterbourg. Wie hat Lena im Reisetagebuch vermerkt: &#8222;ca. 90 % Franzosen beim Lidl und ca. 80 % Deutsche beim Champion&#8220;.<\/p>\n<p>Ab geht es nach Wissembourg. Dort wollen wir uns mit Bekannten treffen, die wir aus dem Wohnmobilforum kennen. Wissembourg hat keinen ausgewiesenen Stellplatz mehr. Man darf aber mit dem Womo auf dem zentralen Parkplatz \u00fcbernachten. Edgar hat bereits ein anderes stilles Pl\u00e4tzchen in einer Sackgasse an der Stadtmauer gefunden. Hier stehen wir ruhig und machen noch einen Rundgang durch Wissembourg und \u00fcber den dortigen Weihnachtsmarkt. Mir ist schon in Strasbourg aufgefallen, das der Gl\u00fchwein viel besser schmeckt. Es werden andere Gew\u00fcrze und ein besserer Wein benutzt. Es ist alles vom Geschmack her viel runder als bei uns.<\/p>\n<p><a href=\"https:\/\/olu-limburg.de\/wp-content\/uploads\/2017\/06\/P1070105_ergebnis.jpg\"><img loading=\"lazy\" decoding=\"async\" class=\"size-full wp-image-12182 aligncenter\" src=\"https:\/\/olu-limburg.de\/wp-content\/uploads\/2017\/06\/P1070105_ergebnis.jpg\" alt=\"\" width=\"800\" height=\"600\" srcset=\"https:\/\/olu-limburg.de\/wp-content\/uploads\/2017\/06\/P1070105_ergebnis.jpg 800w, https:\/\/olu-limburg.de\/wp-content\/uploads\/2017\/06\/P1070105_ergebnis-300x225.jpg 300w, https:\/\/olu-limburg.de\/wp-content\/uploads\/2017\/06\/P1070105_ergebnis-768x576.jpg 768w, https:\/\/olu-limburg.de\/wp-content\/uploads\/2017\/06\/P1070105_ergebnis-624x468.jpg 624w\" sizes=\"auto, (max-width: 800px) 100vw, 800px\" \/><\/a><\/p>\n<p><a href=\"https:\/\/olu-limburg.de\/wp-content\/uploads\/2017\/06\/P1070109_ergebnis.jpg\"><img loading=\"lazy\" decoding=\"async\" class=\"size-full wp-image-12183 aligncenter\" src=\"https:\/\/olu-limburg.de\/wp-content\/uploads\/2017\/06\/P1070109_ergebnis.jpg\" alt=\"\" width=\"800\" height=\"600\" srcset=\"https:\/\/olu-limburg.de\/wp-content\/uploads\/2017\/06\/P1070109_ergebnis.jpg 800w, https:\/\/olu-limburg.de\/wp-content\/uploads\/2017\/06\/P1070109_ergebnis-300x225.jpg 300w, https:\/\/olu-limburg.de\/wp-content\/uploads\/2017\/06\/P1070109_ergebnis-768x576.jpg 768w, https:\/\/olu-limburg.de\/wp-content\/uploads\/2017\/06\/P1070109_ergebnis-624x468.jpg 624w\" sizes=\"auto, (max-width: 800px) 100vw, 800px\" \/><\/a><\/p>\n<p><a href=\"https:\/\/olu-limburg.de\/wp-content\/uploads\/2017\/06\/P1070112_ergebnis-e1498651302927.jpg\"><img loading=\"lazy\" decoding=\"async\" class=\"size-full wp-image-12184 alignleft\" src=\"https:\/\/olu-limburg.de\/wp-content\/uploads\/2017\/06\/P1070112_ergebnis-e1498651302927.jpg\" alt=\"\" width=\"450\" height=\"600\" \/><\/a><\/p>\n<p><a href=\"https:\/\/olu-limburg.de\/wp-content\/uploads\/2017\/06\/P1070117_ergebnis-e1498651326420.jpg\"><img loading=\"lazy\" decoding=\"async\" class=\"size-full wp-image-12185 alignright\" src=\"https:\/\/olu-limburg.de\/wp-content\/uploads\/2017\/06\/P1070117_ergebnis-e1498651326420.jpg\" alt=\"\" width=\"450\" height=\"600\" \/><\/a><\/p>\n<p><a href=\"https:\/\/olu-limburg.de\/wp-content\/uploads\/2017\/06\/P1070124_ergebnis.jpg\"><img loading=\"lazy\" decoding=\"async\" class=\"size-full wp-image-12186 aligncenter\" src=\"https:\/\/olu-limburg.de\/wp-content\/uploads\/2017\/06\/P1070124_ergebnis.jpg\" alt=\"\" width=\"800\" height=\"600\" srcset=\"https:\/\/olu-limburg.de\/wp-content\/uploads\/2017\/06\/P1070124_ergebnis.jpg 800w, https:\/\/olu-limburg.de\/wp-content\/uploads\/2017\/06\/P1070124_ergebnis-300x225.jpg 300w, https:\/\/olu-limburg.de\/wp-content\/uploads\/2017\/06\/P1070124_ergebnis-768x576.jpg 768w, https:\/\/olu-limburg.de\/wp-content\/uploads\/2017\/06\/P1070124_ergebnis-624x468.jpg 624w\" sizes=\"auto, (max-width: 800px) 100vw, 800px\" \/><\/a><\/p>\n<p>In Wissembourg besteht man darauf, dass ihr Hans Trapp die historische Vorlage f\u00fcr den Knecht Ruprecht ist.<\/p>\n<p>Auf der Suche nach einem Lokal m\u00fcssen nun f\u00fcnf Geschm\u00e4cker unter einen Hut gebracht werden. Das ist nicht leicht. Es ist Samstag Abend und die meisten Restaurants, die wir kennen und die auch zutreffen w\u00fcrden, sind zu. Die Saison ist an Weihnachten vorbei. Wir landen im Restaurant &#8222;Zum Schneckehiesel&#8220; und es war gut.<\/p>\n<p>Wir unterhalten uns mit dem Inhaber dieses Hotel-Retaurants \u00fcber das Rauchverbot (im Winterbetrieb verf\u00fcgt das Restaurant nur \u00fcber zwei Tische.). In den letzten beiden Jahren haben wir in Frankreich in den verschiedensten Lokalen, selbst bei den &#8222;Routiers&#8220;, das Rauchverbot dankend festgestellt. Er meinte aber, dass das Rauchverbot hier nicht greifen w\u00fcrde, denn man sei ja im Elsass und nicht in Frankreich. Trotzdem ist er zum Rauchen vor die T\u00fcre gegangen.<\/p>\n<p><a href=\"https:\/\/olu-limburg.de\/wp-content\/uploads\/2017\/06\/P1070129_ergebnis-e1498651396286.jpg\"><img loading=\"lazy\" decoding=\"async\" class=\"size-full wp-image-12187 aligncenter\" src=\"https:\/\/olu-limburg.de\/wp-content\/uploads\/2017\/06\/P1070129_ergebnis-e1498651396286.jpg\" alt=\"\" width=\"450\" height=\"600\" \/><\/a><\/p>\n<p><a href=\"https:\/\/olu-limburg.de\/wp-content\/uploads\/2017\/06\/P1070135_ergebnis.jpg\"><img loading=\"lazy\" decoding=\"async\" class=\"size-full wp-image-12188 aligncenter\" src=\"https:\/\/olu-limburg.de\/wp-content\/uploads\/2017\/06\/P1070135_ergebnis.jpg\" alt=\"\" width=\"800\" height=\"600\" srcset=\"https:\/\/olu-limburg.de\/wp-content\/uploads\/2017\/06\/P1070135_ergebnis.jpg 800w, https:\/\/olu-limburg.de\/wp-content\/uploads\/2017\/06\/P1070135_ergebnis-300x225.jpg 300w, https:\/\/olu-limburg.de\/wp-content\/uploads\/2017\/06\/P1070135_ergebnis-768x576.jpg 768w, https:\/\/olu-limburg.de\/wp-content\/uploads\/2017\/06\/P1070135_ergebnis-624x468.jpg 624w\" sizes=\"auto, (max-width: 800px) 100vw, 800px\" \/><\/a><\/p>\n<p>Ges\u00e4ttigt gehen wir zu den Womos zur\u00fcck und beschlie\u00dfen den Abend bei Wein und ausgiebigen Gespr\u00e4chen in Reuse Wohnmobil.<\/p>\n<p>&nbsp;<\/p>\n<p><strong>Sonntag, 02.12.2007<\/strong><\/p>\n<p>Nach einem langen Fr\u00fchst\u00fcck geht es wieder Richtung Heimat. Wir fahren Landstra\u00dfe in Richtung Kandel, um den dortigen Weihnachtsmarkt zu besuchen. Schon wieder sind wir zu fr\u00fch. Einige Aussteller sind am Einr\u00e4umen. Andere versuchen das Chaos aufzur\u00e4umen, das der n\u00e4chtliche Wind?Sturm? angerichtet hat. Auf jeden Fall sind mehrere Partyzelte, die mit Gewichten verankert waren, zerfetzt und in sich zusammengebrochen. Also fahren wir weiter nach Edesheim schnell Wein einkaufen und nach Edenkoben entsorgen, kurz den Weihnachtsmarkt anschauen und dann essen. Wir haben dabei festgestellt, das auch Weihnachtsm\u00e4rkte \u201esatt\u201c machen k\u00f6nnen. Vor allem, wenn man wie wir soviel Sch\u00f6nes in Strasbourg gesehen haben und dann anfangen zu vergleichen.<\/p>\n<p>F\u00fcr die weitere Heimfahrt nehmen wir die A61 und fahren dann auf der Autobahn weiter Richtung Mainz\/Wiesbaden und danach die B417 nach Hause. Nach insgesamt 560 km sind wir wieder in Limburg.<\/p>\n<p>&nbsp;<\/p>\n<p style=\"text-align: center;\"><a href=\"https:\/\/olu-limburg.de\/?page_id=12154\">zur\u00fcck zum Seitenanfang<\/a><\/p>\n","protected":false},"excerpt":{"rendered":"<p>&nbsp; &nbsp; Text und Fotos: Hans-Werner &nbsp; &nbsp; Freitag, 30.11.2007 Wir fahren \u00fcber die A3 und A5 und erreichen Kehl nach 260 km. Der Wohnmobilstellplatz am Wasserturm (EUR 6,00\/Tag; V\/E: ja) ist schnell gefunden. Da wir mit dem Zug nach Strasbourg rein fahren wollen, machen wir uns auf den Weg zum Bahnhof. Wir gehen durch [&hellip;]<\/p>\n","protected":false},"author":1,"featured_media":0,"parent":0,"menu_order":0,"comment_status":"closed","ping_status":"closed","template":"page-templates\/full-width.php","meta":{"footnotes":""},"class_list":["post-12154","page","type-page","status-publish","hentry"],"_links":{"self":[{"href":"https:\/\/olu-limburg.de\/index.php?rest_route=\/wp\/v2\/pages\/12154","targetHints":{"allow":["GET"]}}],"collection":[{"href":"https:\/\/olu-limburg.de\/index.php?rest_route=\/wp\/v2\/pages"}],"about":[{"href":"https:\/\/olu-limburg.de\/index.php?rest_route=\/wp\/v2\/types\/page"}],"author":[{"embeddable":true,"href":"https:\/\/olu-limburg.de\/index.php?rest_route=\/wp\/v2\/users\/1"}],"replies":[{"embeddable":true,"href":"https:\/\/olu-limburg.de\/index.php?rest_route=%2Fwp%2Fv2%2Fcomments&post=12154"}],"version-history":[{"count":6,"href":"https:\/\/olu-limburg.de\/index.php?rest_route=\/wp\/v2\/pages\/12154\/revisions"}],"predecessor-version":[{"id":12193,"href":"https:\/\/olu-limburg.de\/index.php?rest_route=\/wp\/v2\/pages\/12154\/revisions\/12193"}],"wp:attachment":[{"href":"https:\/\/olu-limburg.de\/index.php?rest_route=%2Fwp%2Fv2%2Fmedia&parent=12154"}],"curies":[{"name":"wp","href":"https:\/\/api.w.org\/{rel}","templated":true}]}}